 4*z - x = -2*l, -54 = -l + 3*z + z. Let t = l + -12. What is the tens digit of t?
5
Suppose 4*l = -p + 1601, 0 = -0*l - 4*l - 3*p + 1603. Suppose -4*n + 0*t + 408 = -t, 4*n = 3*t + l. What is the units digit of n?
3
Let s(j) = j**3 + 10*j**2 - 7*j - 4. Let q be s(-9). What is the hundreds digit of q/25*55/2?
1
Suppose 0 = a - 4*x - 76, 3*x = -a - x + 44. Let t be ((-12)/(-30))/((-2)/a). What is the tens digit of t/(-2)*(-5 - -9)?
2
Let p = 1182 + 1682. What is the hundreds digit of p?
8
Let t(k) = -15*k + 325 - 325. Let n be t(-1). Suppose 14 = 17*h - n*h. What is the units digit of h?
7
Let k be 2/8 - (-187)/68. Suppose 0 = -5*w + 2*w + 5*u + 4, 0 = -4*w - k*u + 15. Suppose 5*r + 92 = 3*q, q + w*r - 7*r = 26. What is the tens digit of q?
3
Let x(m) = 5*m + 20 - m - m. Let z be x(-6). Suppose 0 = -4*j + 130 + z. What is the tens digit of j?
3
Let h(s) be the second derivative of s**4/12 - 17*s**3/6 + 12*s**2 + 23*s. What is the units digit of h(17)?
4
Suppose 65 = 3*h + 4*x, 2*h - 3*x = 6*h - 82. Let c = -19 + h. Suppose c*m + m - 14 = 0. What is the units digit of m?
4
Let t(u) = u**2 - 9. Let b be t(-5). Suppose -2*s - m + 31 = 0, -3*m + 13 = s - 0*s. What is the tens digit of 4/s + 652/b?
4
What is the units digit of (-66)/8*(53 - 97)?
3
Let a be (-32)/(-4) + -3 - 14. What is the tens digit of 1 + -1 - (-129 - a)?
2
Let f = 14 + -9. Let a(c) = 2*c**2 - 6*c - 2. Let l be a(f). Suppose -l = 2*n - 60. What is the tens digit of n?
2
Let z(a) = -a**3 + 18*a**2 + a + 31. What is the hundreds digit of z(12)?
9
Suppose 210 = 35*x - 30*x. Let w = 117 + x. What is the tens digit of w?
5
Suppose 0 = 94*j - 97*j + 5205. What is the thousands digit of j?
1
What is the thousands digit of (-3)/5 + (14 - 13548/(-5))?
2
Let v be (-6)/(-12) - (-1 - (-3)/2). Suppose v = -16*y + 19*y - 120. What is the units digit of y?
0
Let i(c) = c**2 - 5*c - 8. Let k = -13 + 13. Suppose 5*p + 4*v - 57 = k, -p + 6*p = 4*v + 33. What is the tens digit of i(p)?
2
Let z(b) = b**3 - 4*b**2 - 5*b - 3. Let q be z(7). Let t = q + -52. What is the tens digit of t?
5
Suppose 2*b = 3*w - 7, 4*w - 11 = -0*w + b. Suppose -5*d - w*p + 557 = 0, -d - 2*p = -61 - 56. What is the units digit of d?
9
Let r(m) = 35*m**3 + 7*m**2 - 11*m + 21. What is the thousands digit of r(4)?
2
What is the tens digit of -7 - (-10290)/6 - 5?
0
Let w = -90 - -94. Suppose -j = c - 39, 2*j + c + 78 = w*j. What is the tens digit of j?
3
Suppose -2*h + 3 = -155. Let v = 101 + h. What is the hundreds digit of v?
1
Suppose 61*k + 2961 = 68*k. What is the hundreds digit of k?
4
Let j(q) = q**3 + 4*q**2 - 5*q + 7. Let y be j(-5). Let a be y + 9/(-3 + 0). Let i(s) = -s + 5. What is the units digit of i(a)?
1
Let l(a) = -a**2 - 5*a + 6. Let n be l(-6). Suppose -3*i + 0*i + 6 = n. Suppose 0 = -2*o + 32 + i. What is the tens digit of o?
1
Let b = 2677 + -134. What is the tens digit of b?
4
Suppose -3*o - 5*n + 182 = 0, -2*o = -o - n - 50. What is the hundreds digit of (254/6)/(18/o)?
1
Let n(a) = a**2 + 3*a - 5. Let k be n(-5). Suppose 4*u - 11 - k = 0. Suppose 9 = -z + u*z, 2*z = -5*f + 46. What is the units digit of f?
8
Suppose 3472 = 7*s - 2723. What is the tens digit of s?
8
Let s be -4*(39/(-24) - -2)*-2. Suppose k - 98 = 4*h, -3*h = s*k - 6*h - 312. What is the hundreds digit of k?
1
Let b(t) = -t + 6. Let h be b(5). Let g be (3*-1)/(4/(-12)). Let y = g - h. What is the units digit of y?
8
What is the units digit of (2/(-5))/(1/(-995))?
8
Let n = 28 - -39. Suppose 0*w = -w + n. What is the units digit of w?
7
Let q(z) = -105*z - 15. What is the tens digit of q(-3)?
0
Let c(m) = 114*m**2 - 8*m - 8. What is the tens digit of c(-1)?
1
Let s(g) = 59*g - 11. What is the tens digit of s(5)?
8
Suppose -b - 5*x + 356 - 15 = 0, 5*b - 4*x = 1792. What is the units digit of b?
6
Suppose -c - 5*k + 10 = 0, 5*c - 2*k + 1 + 3 = 0. Suppose -p = -8 - c. Suppose -38 = -n + p. What is the units digit of n?
6
Let j(u) be the first derivative of u**5/20 - 2*u**4/3 + 3*u**3/2 + u**2/2 - 2*u + 5. Let k(l) be the first derivative of j(l). What is the units digit of k(7)?
5
Let j(t) = 2*t**2 + 8*t - 10. Let p be j(-8). Suppose 4*g + p = 10*g. What is the units digit of g?
9
Suppose 4*i + 3*j + 21 = i, -30 = 2*i - 2*j. Let d = i - -14. Suppose -2*k = -4*p + 50, d*p - 4*k + 8 - 58 = 0. What is the tens digit of p?
1
Suppose -3*t + 2*t = -344. Let a be (-4)/2 + t/(-8). What is the units digit of (-2465)/a + (-2)/(-9)?
5
What is the units digit of 4954/(9 + (-21)/3)?
7
Suppose 97 + 47 = 4*h. Let t = h + -33. What is the tens digit of ((-14)/8)/(t/(-36))?
2
Let h = -237 - -240. Let s be -2*(-1 - -1 - 1). Suppose -s*j + 124 = h*d, 2*d + 2*d = 2*j + 184. What is the units digit of d?
4
Let f = -644 - -1627. What is the tens digit of f?
8
Let s(u) = u**3 - 5*u**2 + 2*u - 8. Let p be ((-30)/25)/(6/(-40)). Let w be s(p). Suppose 0 = -4*l - l + w. What is the tens digit of l?
4
Let f = 1316 - 74. What is the hundreds digit of f?
2
Suppose -9*p + 2681 = 215. What is the units digit of p?
4
Let h = 1804 - 732. What is the thousands digit of h?
1
Suppose 11*i = 8*i + 36. Suppose -795 = -15*m + i*m. Suppose -4*z + 5*l = -m, 2*z - l + 2*l = 115. What is the tens digit of z?
6
What is the tens digit of -4 + (-2)/(-15) + 145199/345?
1
Let b(n) = -158*n - 737. What is the hundreds digit of b(-8)?
5
Let t(m) = 3*m**3 - 5*m**2 + 7*m - 8. Let u be t(5). Let a = u + -160. What is the hundreds digit of a?
1
Let m = -94 + 350. Suppose 0*l + 57 = l - 2*q, 0 = -4*l + q + m. What is the tens digit of l?
6
Let l be (2/6)/(2/24). Suppose -l*c + 9 = -c. What is the units digit of 86/6 - 1/c?
4
Let h = -4 - -6. Let s(o) = o + 0 - 3 + 34*o**h + 3. What is the units digit of s(-1)?
3
Let y(n) = 0*n**2 + 4*n**2 + n**3 - 1 + 0*n**2 - 4*n. Let a = -89 - -85. What is the tens digit of y(a)?
1
What is the tens digit of (2 - 48/22) + (-15086)/(-209)?
7
Let o = -1277 - -2347. What is the thousands digit of o?
1
Suppose -5*n - 14 = 2*t, 32 = -4*t + 2*n + 4. Let l(m) = -5*m - 11. Let k(j) = 2*j + 5. Let s(w) = 9*k(w) + 4*l(w). What is the units digit of s(t)?
5
What is the hundreds digit of (-2)/3*9135/(-14)?
4
Let r be 0 - (-2)/3 - 10056/(-9). Suppose 5*y - r = 3*d, y + 3*d = -0*y + 238. What is the hundreds digit of y?
2
Let t(q) = 232*q**2 - 11*q - 21. What is the tens digit of t(-3)?
0
What is the units digit of (58/(-145))/((14/(-900))/7)?
0
Suppose 4*n - 6 = 18. Suppose 10*f = 8*f + n. Suppose 2*a - 2*w - 68 = -2*a, -f*w = a - 3. What is the tens digit of a?
1
Let y(q) be the first derivative of -q**4/4 + 10*q**3 + 33*q**2 - 27*q - 11. What is the units digit of y(32)?
7
Let m(z) = 3*z**3 - 4*z**2 + 19*z + 3. What is the hundreds digit of m(6)?
6
Let a be 4/(3 + -2 + 1) - -2. Suppose -2*s + 91 = -5*z, a*s - 2*z - z - 147 = 0. What is the units digit of s?
3
Suppose 0 = -4*n + 9*n - 25. Suppose 4*y - 3*v + 16 = 181, 0 = n*y - 2*v - 215. What is the units digit of y?
5
Suppose -3*m = -m. Let d(x) = 5*x - 172. Let s be d(35). Suppose -7*q + 3*q + 174 = 3*y, m = -s*q. What is the tens digit of y?
5
Let l = -39 - -24. What is the tens digit of (l/18)/(2/(-60))?
2
Let r = 8 + -5. Suppose -r*d = -d. Suppose -3*s - 2*s + 100 = d. What is the units digit of s?
0
Suppose -o - 2*k - 19 = 1, 5*o - 3*k = -35. Let l(x) = 2*x**2 + 17*x + 5. What is the units digit of l(o)?
5
Let g(b) = -b**3 + 1. Let a(u) = -9*u**3 + 3*u**2 - 1. Suppose 0 = o + 15 - 12. Let w(v) = o*g(v) + a(v). What is the tens digit of w(-2)?
5
Let n = 165 - 159. What is the units digit of n?
6
Let g(z) = 7*z + 1. Let m be g(2). Suppose m = 10*i - 5*i. Suppose 3*n = -3*o + 108 + 48, i*n - 5*o - 196 = 0. What is the tens digit of n?
5
Suppose -x = 2*f - 160, -18*f - 800 = -5*x - 19*f. What is the tens digit of x?
6
What is the hundreds digit of (-3360)/(-5) - (9 - (3 - 0))?
6
Let d(m) be the third derivative of -m**5/15 - m**4/3 - 5*m**3/6 - 9*m**2. Let w be d(-5). What is the units digit of 4/8 - w/2?
3
Let b(f) = 2*f**3 + 3*f**2 + f - 31. Let h(y) = -y**2 - 5*y + 19. Let p be h(-7). What is the tens digit of b(p)?
9
Let u(g) be the first derivative of 14*g**3/3 + g**2/2 + g + 1. Suppose 0 = -4*y - 5*w + 1, -3*w - 3 = -6. What is the units digit of u(y)?
4
Suppose -2*u = -0*l - l - 285, -l + 716 = 5*u. Let f = 204